 + 2. Let n be k(1). Suppose 2*b = -4 + 12. Suppose 396 = -b*p + 22*p. Calculate the highest common factor of n and p.
22
Suppose 2*p = 5*a + 109, 4*p - a - 215 = -p. Let v(h) = -48*h - 2436. Let g be v(-52). What is the highest common factor of g and p?
6
Suppose -6*t - 34 = 8. Let a = t + 10. Suppose l + a*c - 25 - 59 = 0, 0 = -2*c. What is the greatest common factor of l and 28?
28
Suppose 1995*r - 2012*r = -2516. Calculate the highest common divisor of r and 20.
4
Suppose i - 79 = -13. Suppose -201*s - 47 = -202*s + c, 2*s + 123 = 33*c. Calculate the highest common divisor of i and s.
6
Suppose -7*o - 4*v = -9*o + 310, -3*o = -5*v - 468. Calculate the highest common divisor of 3312 and o.
23
Let q be 2*(-70 - 13)*-3. What is the greatest common divisor of q and 2158?
166
Suppose -5*o + 9 = l - 0*l, 5*l - 4*o = 45. Suppose -l*b - 693 = -16*b. What is the highest common divisor of b and 9?
9
Suppose 0 = 2*w - 4*l - 23922, -2*w - 584*l + 580*l = -23874. What is the highest common factor of 84 and w?
21
Let s = -575 - -1070. Suppose -5*c = -8*c + s. Let q = c - 88. What is the highest common factor of q and 7?
7
Suppose 134 = x - 2*t, -36*x - 2*t - 506 = -40*x. What is the highest common divisor of x and 372?
124
Suppose 584 = 331*i - 327*i - 4*t, -2*i = 4*t - 316. What is the highest common factor of 7850 and i?
50
Suppose 3*l + 20 = h, 7*h - 2*h = 2*l + 100. Suppose 6*k - 6 = 24. Suppose -k*b + 179 = 29. What is the highest common factor of b and h?
10
Suppose 24*f = 1330 + 230. Let w be (-1)/(2/(-3 + -17)). Let j = w - 5. What is the greatest common divisor of f and j?
5
Suppose -5*f + 2*k = -8 - 12, -2*f - k = -17. Let n be 9 - f - (7 + -86). What is the highest common factor of 410 and n?
82
Let u(g) = -46*g + 40. Let n be u(2). Let o be (100/(-15))/((n/96)/13). Calculate the highest common factor of o and 40.
40
Let b(q) = -2*q**2 + 22*q - 21. Let m be (-1)/(-3) + 182/39. Let z be b(m). What is the highest common divisor of 39 and z?
39
Let g be 6 - ((-3)/(99/3938) + (-2)/3). What is the highest common factor of g and 972?
18
Let j be 40/25 + 3584/35. What is the highest common factor of j and 78?
26
Suppose 238 = 3*u + u + 62. Calculate the greatest common divisor of 1100 and u.
44
Let r be 8/28 + 440/28. Let x be (-134)/(-4) + 1 + (-8)/r. What is the greatest common factor of x and 102?
34
Let b be ((-70)/65)/((-54)/351). Let x(p) be the first derivative of -p**2/2 + 6*p + 1. Let c be x(5). Calculate the greatest common factor of c and b.
1
Let l(c) = 488*c**2 - 7*c - 29. Let k be l(-3). What is the highest common factor of 32 and k?
32
Let i be 3 + -4 + 65 + 2. Let k = i + -54. Suppose -2*r - m + 432 = 2*r, -540 = -5*r + 5*m. What is the greatest common factor of k and r?
12
Let a = 3170 - 299. Calculate the highest common divisor of 33 and a.
33
Let n be -2*9*4/(-6). Let g(r) = -r**3 + 5*r**2 + 4*r - 20. Suppose -400*z + 12 = -397*z. Let c be g(z). What is the highest common factor of c and n?
12
Let h = -1794 - -2764. Calculate the greatest common factor of h and 10.
10
Suppose -5*x = -3*w - 23, 4*x = -4*w + 13 - 1. Suppose 4*k - 17 = -q, k - x*k + 2*q + 10 = 0. What is the highest common factor of 76 and k?
4
Let x(f) be the second derivative of 3/20*f**5 - 1/2*f**3 + 0 - 20*f - 1/6*f**4 + 0*f**2. Let q be x(3). What is the greatest common divisor of q and 36?
18
Let d be 17/(3315/(-3276))*10/(-4). What is the greatest common divisor of d and 1536?
6
Suppose -12 = 356*h - 353*h, -4*u + 184 = -h. What is the greatest common factor of 153 and u?
9
Suppose -102*b + 699 + 1119 - 390 = 0. Let s = -96 - -166. What is the highest common divisor of s and b?
14
Suppose -14838 - 6482 = 45*o - 127*o. What is the greatest common factor of o and 640?
20
Suppose 0 = -u - o - 183, -436 = 3*u + 4*o + 108. Let h = -59 - u. Calculate the greatest common factor of h and 86.
43
Let s(b) = 22*b + 113. Suppose -4*p - 16 = -0*p. Let v be s(p). Calculate the highest common factor of 100 and v.
25
Suppose -916 = -153*y + 13619. What is the highest common divisor of 50 and y?
5
Let t(h) = -2*h**3 + 50*h**2 + 360*h - 4. Let s be t(-6). Calculate the greatest common factor of s and 2754.
34
Suppose -34268 = -4*t + d, 4*t + 21*d - 34220 = 16*d. What is the greatest common factor of t and 30?
15
Let n be (-285)/(-76) + (-5)/(-4). Let v be (-4 + n)/(2 + -1). Calculate the highest common divisor of v and 9.
1
Suppose -g - 2*g = -3*a + 5496, -2*a + 3656 = -4*g. Let l be a/28 - (-21)/49. What is the greatest common factor of 33 and l?
33
Let h(s) = s**3 - 12*s**2 + s + 14. Let q be h(12). Let o = 645 - 411. Calculate the greatest common factor of o and q.
26
Let n = 56 - 41. Suppose s + 19 + 16 = 0. Let f be 14/s - (0 - (-827)/(-5)). What is the greatest common factor of f and n?
15
Suppose 197*y - 2*p + 7148 = 202*y, -4*y = -5*p - 5692. What is the highest common divisor of y and 252?
84
Suppose -2734*s + 450 = -2719*s. Calculate the highest common factor of s and 795.
15
Suppose 0 = 5*b - 20*w + 16*w + 2626, 0 = -b - 2*w - 528. Let i = 585 + b. Calculate the highest common factor of i and 1121.
59
Let n = -6841 + 6847. Calculate the greatest common factor of 1020 and n.
6
Let n(a) = 3*a**2 + 34*a - 265. Let y be n(-38). Let l = y - 1971. What is the highest common divisor of l and 12?
12
Suppose 24*o - 1204 = 9356. What is the highest common divisor of 600 and o?
40
Let z be (-3825)/(-135)*(-12)/(-5). What is the highest common divisor of 16 and z?
4
Let w = 9464 - 8638. Calculate the greatest common factor of w and 98.
14
Let m(w) = 33*w + 32. Let r(c) = 10*c + 11. Let v(g) = -2*m(g) + 7*r(g). Let a be v(26). Calculate the greatest common divisor of a and 104.
13
Let p(j) = j + 10. Let k be p(-2). Let t be (2/(-4))/(2/k). Let i be 30*(36/27 + t/6). Calculate the greatest common divisor of i and 90.
30
Suppose 0 = h + 3*u - 35, -3*h = -0*h + 4*u - 85. Suppose -3*b + 3*l = -2*l - h, 4*b = 2*l + 54. Calculate the greatest common divisor of b and 24.
8
Suppose 2*k - 15 - 1 = 0. Let a(y) = 5*y + 4. Let m be a(k). Let p = 51 - m. What is the highest common divisor of p and 28?
7
Let x = 8089 - 8021. Calculate the highest common divisor of x and 1836.
68
Suppose 110*q - 23 = 109*q. Let o be 3/1 + q + (-9 - -6). Calculate the highest common divisor of 529 and o.
23
Let k(o) = 1189*o**3 - 4*o**2 + 12*o - 14. Let g be k(2). What is the greatest common factor of g and 294?
98
Let t be (-6)/(-9)*(13 + 85/(-10)). Calculate the greatest common factor of t and 149.
1
Suppose -94*k - 1043 + 4052 = -11091. Calculate the highest common divisor of 6540 and k.
30
Let v be (9 - 3)/3 - -22. Let y(f) = 2*f**2 + 199*f - 1200. Let w be y(6). What is the greatest common divisor of w and v?
6
Suppose -d = p + 3, 0*d = -4*d + p + 13. Suppose 0 + d = v. Suppose -5*m - 6 = -3*m, -5*x + v*m = -181. Calculate the highest common divisor of 5 and x.
5
Suppose 730 = 4*l - 790. What is the highest common divisor of l and 152?
76
Let c(g) = 27*g - 419. Let j be c(15). Let y be (35/20)/(j/(-448)). What is the highest common divisor of 126 and y?
14
Let g = 27141 + -25776. What is the highest common divisor of 130 and g?
65
Suppose -c + 26 = -5*y, 125 = 4*c + 3*y + 44. Calculate the greatest common divisor of 1043 and c.
7
Suppose -4*o = 2*m - 54, 5*o - m - 2*m - 40 = 0. Suppose 154 = 11*b + o. Calculate the highest common factor of 13 and b.
13
Suppose 23*p + 574 = 2460. What is the highest common factor of 3649 and p?
41
Let y = 2292 - 2218. Calculate the greatest common divisor of y and 3182.
74
Let s = -2698 - -2716. Let x = 683 - 485. Calculate the greatest common divisor of s and x.
18
Suppose -2*u - 178 + 654 = 0. Calculate the highest common divisor of u and 336.
14
Let f be 196 - 2*(-18)/9. Suppose 4*u - 64 = 3*t, 2*u - 26 = t + 6. What is the highest common factor of u and f?
8
Let o(w) = 98*w + 468. Let d be o(-4). What is the highest common factor of 1710 and d?
38
Let q(u) = 17*u + u**3 + 4*u - 11*u - 22*u**2 - 5*u**2 + 60 + 18*u. Let r be q(26). What is the greatest common factor of 280 and r?
56
Suppose -5*f - 20 = -5*m - 10*f, -m + 4 = 5*f. Suppose 7*b = m + 3818. What is the greatest common factor of 42 and b?
42
Suppose -522*i + 539*i - 4794 = 0. What is the highest common fact